{"id":33099,"date":"2018-12-04T16:24:11","date_gmt":"2018-12-04T15:24:11","guid":{"rendered":"https:\/\/www.center-for-digital-business.de\/?page_id=33099"},"modified":"2024-07-12T16:08:57","modified_gmt":"2024-07-12T14:08:57","slug":"essentials-of-digitalization","status":"publish","type":"page","link":"https:\/\/center-for-digital-business.de\/?page_id=33099","title":{"rendered":"Essentials of Digitalization"},"content":{"rendered":"<div class=\"wpb-content-wrapper\"><p>[vc_row disable_element=&#8220;yes&#8220;][vc_column][vc_column_text]<\/p>\n<div class=\"title-h4\" style=\"text-align: center;\">Die digitale Transformation f\u00fchrt zu einigen Ver\u00e4nderungen in den Rahmenbedingungen f\u00fcr F\u00fchrungskr\u00e4fte innerhalb von Unternehmen.<\/div>\n<p>[\/vc_column_text][\/vc_column][\/vc_row][vc_row disable_element=&#8220;yes&#8220;][vc_column width=&#8220;1\/4&#8243;][vc_column_text css_animation=&#8220;top-to-bottom&#8220;]<\/p>\n<div class=\"title-h4\">Entwicklung des Wissens<\/div>\n<p>[\/vc_column_text][vc_column_text css_animation=&#8220;fade&#8220;]Die <strong>Halbswertszeit<\/strong> des <strong>Wissens<\/strong> nimmt immer mehr ab und erfordert eine <strong>kontinuierliche<\/strong> <strong>Weiterbildung<\/strong>.[\/vc_column_text][\/vc_column][vc_column width=&#8220;1\/4&#8243;][vc_column_text css_animation=&#8220;top-to-bottom&#8220;]<\/p>\n<div class=\"title-h4\">Hohe Komplexit\u00e4t<\/div>\n<p>[\/vc_column_text][vc_column_text css_animation=&#8220;fade&#8220;]Die <strong>steigende<\/strong> <strong>Komplexit\u00e4t<\/strong> der IT-Landschaft erfordert neue <strong>Fertigkeiten<\/strong> zur Bew\u00e4ltigung der <strong>Herausforderungen<\/strong>.[\/vc_column_text][\/vc_column][vc_column width=&#8220;1\/4&#8243;][vc_column_text css_animation=&#8220;top-to-bottom&#8220;]<\/p>\n<div class=\"title-h4\">Steigende Projektarbeit<\/div>\n<p>[\/vc_column_text][vc_column_text css_animation=&#8220;fade&#8220;]Die <strong>Anzahl<\/strong> der <strong>IT<\/strong>&#8211;<strong>Projekte<\/strong> und deren <strong>Umfang<\/strong> nimmt immer mehr zu und nimmt eine immer <strong>wichtigere<\/strong> <strong>Position<\/strong> im <strong>Tagesgesch\u00e4ft<\/strong> ein.[\/vc_column_text][\/vc_column][vc_column width=&#8220;1\/4&#8243;][vc_column_text css_animation=&#8220;top-to-bottom&#8220;]<\/p>\n<div class=\"title-h4\">Ver\u00e4nderte Kultur<\/div>\n<p>[\/vc_column_text][vc_column_text css_animation=&#8220;fade&#8220;]Der Wandel zu einer <strong>digitalen<\/strong> <strong>Unternehmenskultur<\/strong> und der <strong>Prozess<\/strong> zu dessen <strong>Erstellung<\/strong> nimmt eine <strong>zentrale<\/strong> <strong>Rolle<\/strong> ein.[\/vc_column_text][\/vc_column][\/vc_row][vc_row disable_element=&#8220;yes&#8220; css=&#8220;.vc_custom_1545050841748{border-radius: 5px !important;}&#8220;][vc_column css=&#8220;.vc_custom_1544102209703{border-top-width: 5px !important;border-right-width: 5px !important;border-bottom-width: 5px !important;border-left-width: 5px !important;border-left-color: #dd3333 !important;border-right-color: #dd3333 !important;border-top-color: #dd3333 !important;border-bottom-color: #dd3333 !important;border-radius: 5px !important;}&#8220;][vc_column_text]<\/p>\n<div class=\"title-h4\" style=\"text-align: center;\">Die digitale Transformation f\u00fchrt zu einigen Ver\u00e4nderungen in den Rahmenbedingungen f\u00fcr F\u00fchrungskr\u00e4fte innerhalb von Unternehmen.<\/div>\n<p>[\/vc_column_text][\/vc_column][\/vc_row][vc_row disable_element=&#8220;yes&#8220;][vc_column][vc_tta_tabs active_section=&#8220;1&#8243;][vc_tta_section title=&#8220;Ziele \/ Inhalte&#8220; tab_id=&#8220;1543933943255-9edf3021-36d5&#8243;][vc_column_text]Der Kurs &#8222;Essentials of Digitalization&#8220; weist f\u00fcr die Teilnehmenden einige Vorteile auf:[\/vc_column_text][vc_column_text]Durch diese Vorteile bieten wir f\u00fcr die Teilnehmenden eine gute Einf\u00fchrung in die aktuellen Themen und Herausforderungen im Bereich der Digitalisierung. Basierend auf diesen Kenntnissen, ist es f\u00fcr die Teilnehmenden m\u00f6glich weitere Weiterbildunsgangebote anzunehmen.[\/vc_column_text][\/vc_tta_section][vc_tta_section title=&#8220;Lehr- und Lernkonzept&#8220; tab_id=&#8220;1543933951664-7f0fc445-a837&#8243;][vc_row_inner][vc_column_inner width=&#8220;1\/2&#8243;][vc_single_image image=&#8220;33101&#8243; img_size=&#8220;large&#8220; alignment=&#8220;center&#8220;][\/vc_column_inner][vc_column_inner width=&#8220;1\/2&#8243;][vc_column_text]Innerhalb dieses Kurses werden die Lehrinhalte durch eine klassische Pr\u00e4senzlehre an die Teilnehmenden vermittelt. Neben Vortr\u00e4ge werden auch Workshops in den Kurs integriert. Des Weiteren m\u00f6chten wir diesen Kurs nur in kleinen Gruppen von bis zu 15 Personen durchf\u00fchren um einen intensiven Austausch zwischen den Teilnehmenden und den Lehrpersonen zu erm\u00f6glichen.[\/vc_column_text][\/vc_column_inner][\/vc_row_inner][\/vc_tta_section][vc_tta_section title=&#8220;Voraussetzungen&#8220; tab_id=&#8220;1543933951231-209c87dd-6c21&#8243;][vc_column_text]Um an diesem Kurs teilnehmen zu k\u00f6nnen, m\u00fcssen die Teilnehmenden in einen unserer Partnerunternehmen besch\u00e4ftigt sein und sie m\u00fcssen ein Interesse an den aktuellen Themen der Digitalisierung aufweisen.[\/vc_column_text][\/vc_tta_section][vc_tta_section title=&#8220;Abschluss&#8220; tab_id=&#8220;1543933950775-eb9071bd-547c&#8220;][vc_column_text]Abschluss: Bescheinigung[\/vc_column_text][\/vc_tta_section][vc_tta_section title=&#8220;Kosten&#8220; tab_id=&#8220;1543933950262-3bfd47da-134f&#8220;][vc_column_text]Kosten: Sind diese schon festgelegt worden?[\/vc_column_text][\/vc_tta_section][vc_tta_section title=&#8220;Termine&#8220; tab_id=&#8220;1543933949581-9ce60f0a-d215&#8243;][vc_column_text]Kalender mit den Terminen[\/vc_column_text][\/vc_tta_section][vc_tta_section title=&#8220;Referenzen&#8220; tab_id=&#8220;1543933948442-7cbf34e9-6ffa&#8220;][vc_column_text]Listen mit den Referenzen[\/vc_column_text][\/vc_tta_section][vc_tta_section title=&#8220;FAQ&#8220; tab_id=&#8220;1543933943656-83604cc1-ada4&#8243;][vc_column_text]Eventuell ein Forum indem die Leute Fragen stellen k\u00f6nnen.[\/vc_column_text][\/vc_tta_section][\/vc_tta_tabs][\/vc_column][\/vc_row][vc_row][vc_column width=&#8220;2\/3&#8243;][vc_tta_accordion][vc_tta_section title=&#8220;Ziele \/ Inhalte&#8220; tab_id=&#8220;1544103151873-39e4f4a3-d008&#8243;][vc_column_text]Der Kurs &#8222;Essentials of Digitalization&#8220; weist f\u00fcr die Teilnehmenden einige Vorteile auf:[\/vc_column_text][vc_column_text]Durch diese Vorteile bieten wir f\u00fcr die Teilnehmenden eine gute Einf\u00fchrung in die aktuellen Themen und Herausforderungen im Bereich der Digitalisierung. Basierend auf diesen Kenntnissen, ist es f\u00fcr die Teilnehmenden m\u00f6glich weitere Weiterbildunsgangebote anzunehmen.[\/vc_column_text][\/vc_tta_section][vc_tta_section title=&#8220;Lehr- und Lernkonzept&#8220; tab_id=&#8220;1544103152185-d958541a-3ff8&#8243;][vc_row_inner][vc_column_inner width=&#8220;1\/2&#8243;][vc_single_image image=&#8220;33101&#8243; img_size=&#8220;large&#8220; alignment=&#8220;center&#8220;][\/vc_column_inner][vc_column_inner width=&#8220;1\/2&#8243;][vc_column_text]Innerhalb dieses Kurses werden die Lehrinhalte durch eine klassische Pr\u00e4senzlehre an die Teilnehmenden vermittelt. Neben Vortr\u00e4ge werden auch Workshops in den Kurs integriert. Des Weiteren m\u00f6chten wir diesen Kurs nur in kleinen Gruppen von bis zu 15 Personen durchf\u00fchren um einen intensiven Austausch zwischen den Teilnehmenden und den Lehrpersonen zu erm\u00f6glichen.<\/p>\n<p>&nbsp;<\/p>\n<p>Au\u00dferdem kann hier noch etwas \u00fcber die Teilnehmerzahl und die E-Learning M\u00f6glichkeiten beschrieben werden.[\/vc_column_text][\/vc_column_inner][\/vc_row_inner][\/vc_tta_section][vc_tta_section title=&#8220;Teilnahmevoraussetzungen&#8220; tab_id=&#8220;1544103211012-3fb47e33-19be&#8220;][vc_column_text]Um an diesem Kurs teilnehmen zu k\u00f6nnen, m\u00fcssen die Teilnehmenden in einen unserer Partnerunternehmen besch\u00e4ftigt sein und sie m\u00fcssen ein Interesse an den aktuellen Themen der Digitalisierung aufweisen.[\/vc_column_text][\/vc_tta_section][vc_tta_section title=&#8220;Abschluss&#8220; tab_id=&#8220;1544103220367-eb23c2f5-a902&#8243;][vc_column_text]Abschluss: Bescheinigung[\/vc_column_text][\/vc_tta_section][vc_tta_section title=&#8220;Kosten&#8220; tab_id=&#8220;1544103213001-110b0eae-c256&#8243;][vc_column_text]Kosten: Sind diese schon festgelegt worden?[\/vc_column_text][\/vc_tta_section][vc_tta_section title=&#8220;Termine&#8220; tab_id=&#8220;1544103214533-615fd19c-6ed0&#8243;][vc_column_text]Kalender mit den Terminen[\/vc_column_text][\/vc_tta_section][vc_tta_section title=&#8220;Referenzen&#8220; tab_id=&#8220;1544103216004-dfd4f045-b6e5&#8243;][vc_column_text]Listen mit den Referenzen[\/vc_column_text][\/vc_tta_section][vc_tta_section title=&#8220;FAQ&#8220; tab_id=&#8220;1544103217291-26f6a259-fa0d&#8220;][vc_column_text]Eventuell ein Forum indem die Leute Fragen stellen k\u00f6nnen.[\/vc_column_text][\/vc_tta_section][vc_tta_section title=&#8220;Weitere Informationen&#8220; tab_id=&#8220;1544103306295-b6b3e5a0-a35c&#8220;][vc_column_text]Falls wir Ihr Interesse an unserem Kurs wecken konnten, haben wir hier noch einmal alle relevanten Informationen f\u00fcr Sie zusammengefasst:[\/vc_column_text][\/vc_tta_section][\/vc_tta_accordion][\/vc_column][vc_column width=&#8220;1\/3&#8243;][vc_column_text]<\/p>\n<div class=\"title-h3\" style=\"text-align: center;\">Bei weiteren Fragen stehen wir Ihnen jederzeit zur Verf\u00fcgung:<\/div>\n<p>[\/vc_column_text][\/vc_column][\/vc_row]<\/p>\n<\/div>","protected":false},"excerpt":{"rendered":"<p>[vc_row disable_element=&#8220;yes&#8220;][vc_column][vc_column_text] Die digitale Transformation f\u00fchrt zu einigen Ver\u00e4nderungen in den Rahmenbedingungen f\u00fcr F\u00fchrungskr\u00e4fte innerhalb von Unternehmen. [\/vc_column_text][\/vc_column][\/vc_row][vc_row disable_element=&#8220;yes&#8220;][vc_column width=&#8220;1\/4&#8243;][vc_column_text css_animation=&#8220;top-to-bottom&#8220;] Entwicklung des Wissens [\/vc_column_text][vc_column_text css_animation=&#8220;fade&#8220;]Die Halbswertszeit des Wissens nimmt immer mehr ab und erfordert eine kontinuierliche Weiterbildung.[\/vc_column_text][\/vc_column][vc_column width=&#8220;1\/4&#8243;][vc_column_text css_animation=&#8220;top-to-bottom&#8220;] Hohe Komplexit\u00e4t [\/vc_column_text][vc_column_text css_animation=&#8220;fade&#8220;]Die steigende Komplexit\u00e4t der IT-Landschaft erfordert neue [&hellip;]<\/p>\n","protected":false},"author":3,"featured_media":0,"parent":0,"menu_order":0,"comment_status":"closed","ping_status":"closed","template":"","meta":{"_eb_attr":"","om_disable_all_campaigns":false,"_uag_custom_page_level_css":"","_monsterinsights_skip_tracking":false,"_monsterinsights_sitenote_active":false,"_monsterinsights_sitenote_note":"","_monsterinsights_sitenote_category":0,"footnotes":""},"class_list":["post-33099","page","type-page","status-publish","hentry"],"aioseo_notices":[],"uagb_featured_image_src":{"full":false,"thumbnail":false,"medium":false,"medium_large":false,"large":false,"1536x1536":false,"2048x2048":false,"hestia-blog":false},"uagb_author_info":{"display_name":"Stefan Decker","author_link":"https:\/\/center-for-digital-business.de\/?author=3"},"uagb_comment_info":0,"uagb_excerpt":"[vc_row disable_element=&#8220;yes&#8220;][vc_column][vc_column_text] Die digitale Transformation f\u00fchrt zu einigen Ver\u00e4nderungen in den Rahmenbedingungen f\u00fcr F\u00fchrungskr\u00e4fte innerhalb von Unternehmen. [\/vc_column_text][\/vc_column][\/vc_row][vc_row disable_element=&#8220;yes&#8220;][vc_column width=&#8220;1\/4&#8243;][vc_column_text css_animation=&#8220;top-to-bottom&#8220;] Entwicklung des Wissens [\/vc_column_text][vc_column_text css_animation=&#8220;fade&#8220;]Die Halbswertszeit des Wissens nimmt immer mehr ab und erfordert eine kontinuierliche Weiterbildung.[\/vc_column_text][\/vc_column][vc_column width=&#8220;1\/4&#8243;][vc_column_text css_animation=&#8220;top-to-bottom&#8220;] Hohe Komplexit\u00e4t [\/vc_column_text][vc_column_text css_animation=&#8220;fade&#8220;]Die steigende Komplexit\u00e4t der IT-Landschaft erfordert neue [&hellip;]","_links":{"self":[{"href":"https:\/\/center-for-digital-business.de\/index.php?rest_route=\/wp\/v2\/pages\/33099","targetHints":{"allow":["GET"]}}],"collection":[{"href":"https:\/\/center-for-digital-business.de\/index.php?rest_route=\/wp\/v2\/pages"}],"about":[{"href":"https:\/\/center-for-digital-business.de\/index.php?rest_route=\/wp\/v2\/types\/page"}],"author":[{"embeddable":true,"href":"https:\/\/center-for-digital-business.de\/index.php?rest_route=\/wp\/v2\/users\/3"}],"replies":[{"embeddable":true,"href":"https:\/\/center-for-digital-business.de\/index.php?rest_route=%2Fwp%2Fv2%2Fcomments&post=33099"}],"version-history":[{"count":2,"href":"https:\/\/center-for-digital-business.de\/index.php?rest_route=\/wp\/v2\/pages\/33099\/revisions"}],"predecessor-version":[{"id":34787,"href":"https:\/\/center-for-digital-business.de\/index.php?rest_route=\/wp\/v2\/pages\/33099\/revisions\/34787"}],"wp:attachment":[{"href":"https:\/\/center-for-digital-business.de\/index.php?rest_route=%2Fwp%2Fv2%2Fmedia&parent=33099"}],"curies":[{"name":"wp","href":"https:\/\/api.w.org\/{rel}","templated":true}]}}